 of h.
2, 11
Suppose -18*g + 33 = -7*g. Suppose x - 124 = -t, 616 = 5*t - 0*x + g*x. List the prime factors of t.
2, 61
Let j = 14 + -10. Suppose -j*v - 8 = 0, 6 = m - 3*v - 0*v. Suppose m = 3*w - 13 - 35. What are the prime factors of w?
2
Let x = -19 - -27. Let t be 7*(x/2 - 5). Let z = 11 - t. What are the prime factors of z?
2, 3
Let w = 17 + -14. Let q be 9/5 - w/(-15). Suppose -2*v + 43 = -q*n + n, 63 = 3*v - 2*n. What are the prime factors of v?
23
Suppose -z = 2*w - 3, 2*w + 5*z = w - 21. Let t(p) = 2*p**2 - w*p - p + 3 - p**2 - p. What are the prime factors of t(7)?
2, 5
Let m = 4 - 4. Suppose 2*s - 4 = -m*s. Suppose 0 = -s*v - 4 - 6, 5*o - 155 = 3*v. What are the prime factors of o?
2, 7
Let a be 30 + -4 + 0 + 0. Let z(v) = 3*v - 3. Let x be z(7). Suppose 4*g - x - a = 0. List the prime factors of g.
11
Let t be ((-6)/(-12))/(1/16). Let z = t - 4. List the prime factors of 14/z + (-8)/(-16).
2
Let g(c) = -c**2 - 13*c + 20. Let p be -3 + -11*(-1 - -2). Let o be g(p). Suppose 3*y = -4*s + 42, y = 4*y + o. List the prime factors of s.
2, 3
Let r(b) = b**3 - 7*b**2 - b + 3. Let k(j) = -j**3 - 6*j**2 - 8*j - 7. Let v be k(-5). Let h be r(v). Let i = 84 - h. What are the prime factors of i?
5
Let k(f) = 194*f**2 - 24*f + 46. What are the prime factors of k(2)?
2, 3, 43
Let i(y) = -7*y**3 - 13*y**2 - 5*y + 30. What are the prime factors of i(-6)?
2, 3, 23
Suppose -3*m - 12 = -2*n, 3*n = -5*m + 15 + 3. Let w be ((-62)/n)/(6/(-18)). Suppose -3*z + 32 = -w. List the prime factors of z.
3, 7
Let z be 0 - ((-4)/(-5))/((-10)/25). What are the prime factors of (-6 + 64)/(z/4)?
2, 29
Suppose 21 - 1 = 5*p. Suppose g - 15 = -p*g. Suppose -g*r = -4*r + 30. What are the prime factors of r?
2, 3, 5
Let s(m) = -m**3 + 13*m**2 + 16*m + 2. List the prime factors of s(13).
2, 3, 5, 7
Suppose 0 = 2*o - q - 3*q + 20, 5*q - 25 = 2*o. Let b(n) = n + 163. List the prime factors of b(o).
163
Let k(m) = 5*m + 106 - 107 - 4*m + 12*m**2. List the prime factors of k(-1).
2, 5
Suppose 61*x = 68*x - 3794. List the prime factors of x.
2, 271
Let a = 16 - 14. Let x be (-2)/6*(-8 + a). Suppose x*s + 2*s - 84 = 0. What are the prime factors of s?
3, 7
Suppose -2*j = 3*s + j - 4524, 2*s = j + 3025. List the prime factors of s.
1511
Suppose -y = -5*i + 2542, -2*i = -3*i + 2*y + 503. What are the prime factors of i?
509
Suppose i + 5 = 2*i. Suppose -8 = -3*q - 4*t, -i*q + 2 = 3*t - 4. Let y = 30 - q. What are the prime factors of y?
2, 3, 5
Let c be ((-30)/4)/(3/(-6)). Let n be c/(-25) + 786/10. Suppose 2*z - 5*w - 66 = 0, -2*z - w + 3*w + n = 0. List the prime factors of z.
43
Let i(v) = 12*v - 1. Let c be ((-3)/6)/((-5)/10). What are the prime factors of i(c)?
11
Let z = -5 + -2. Let m be 4 + -7 - z*1. Suppose -m*i - 12 = -7*i, 4*i + 34 = 5*p. What are the prime factors of p?
2, 5
What are the prime factors of (1 - -2753) + (80/(-10) - -4)?
2, 5, 11
Suppose 3*j = j - y + 972, 3*j - 1458 = -y. List the prime factors of j.
2, 3
List the prime factors of (-564)/(-36) + -16 + 15476/6.
2579
Let i(s) = 156*s**2 - 4*s - 4. What are the prime factors of i(-1)?
2, 3, 13
Let b(h) = h**2 + 6*h + 1. Let g be b(-6). Suppose 20 = -4*y, -4*i + 2*y - g = -3*i. Let u = 10 - i. What are the prime factors of u?
3, 7
Let f(x) = -26*x + 57. Let c(k) = 13*k - 28. Let b(t) = -11*c(t) - 6*f(t). What are the prime factors of b(6)?
2, 11
Suppose -8 = -4*u - 0. List the prime factors of ((-1)/u)/((-11)/6402).
3, 97
Let d(q) = -2*q - 1. Let i be d(4). What are the prime factors of ((-402)/i)/(12/18)?
67
Let q = -12 + 17. Suppose q*f + 283 = 4*w, -4*f = -2*w + 70 + 64. Suppose 11*a - 4*a = w. List the prime factors of a.
11
Let c(h) = 863*h + 6. Let i be c(13). What are the prime factors of (-2)/14 - i/(-175)?
2
Suppose 41*p - 26381 = 10*p. What are the prime factors of p?
23, 37
Let d(x) = x**2 + 12*x - 108. What are the prime factors of d(30)?
2, 3
Let i = 246 - -43. Suppose -4*n + 443 = -3*f, -4*f - 4*n - i = 283. Let w = -101 - f. What are the prime factors of w?
2, 11
Let y(x) = -8*x - x**3 + 0*x**3 - x**2 + 7*x - 10 + 4*x. What are the prime factors of y(-5)?
3, 5
Let h be 5/20 - (-133)/(-4). Let k(m) = -22*m - 42. Let d be k(-6). Let f = h + d. List the prime factors of f.
3, 19
Let a be (-15 - (5 + -2)) + 2. Let c be (4 - 3)/(2/a). Let l = c - -14. What are the prime factors of l?
2, 3
Suppose -3*b - 462 = -1617. Suppose 5*u = -0*u + b. List the prime factors of u.
7, 11
Let t be 7/(-14) - (-14)/4. Suppose m - t*b + 0*b = -3, -21 = -m - 5*b. Suppose 5*d = 2*j + 30, -d + 2*j = d - m. What are the prime factors of d?
2
What are the prime factors of 2 - ((-186)/6 - -1)?
2
Let s be (-15)/(120/(-32)) + 1*-2. Let d(w) = 13*w**2 + 6*w - 3. List the prime factors of d(s).
61
Suppose 0 = 7*b + 9235 - 45026. List the prime factors of b.
5113
Suppose -o = -2*p - 8, p + 3*o + 7 = -11. List the prime factors of (-345)/p*4/5.
2, 23
Let w be ((-16)/40)/((-2)/(-130)). Suppose -5*k = 3*p + 198, -4*k - 70 = 3*p + 89. Let z = w - k. What are the prime factors of z?
13
Let l(p) = p**3 - p**2 + 1. Let b be l(0). Let g be b/((-1)/(-3)) + -3. What are the prime factors of 10 - g/((-6)/2)?
2, 5
Let s(l) be the second derivative of 41/12*l**4 - l**2 + 0 - 3*l - 1/2*l**3. What are the prime factors of s(-1)?
2, 3, 7
Let q(v) = 4*v**3 - 11*v**2 + 46*v - 13. List the prime factors of q(6).
17, 43
List the prime factors of (113 + 5)*(-60)/(-8).
3, 5, 59
Let h(k) = -k**3 + 6*k**2 + 3*k. Suppose -4*j + 2*y + 10 = -3*j, -3*y = 3*j - 3. Let b be h(j). Suppose -180 = -4*s + b. What are the prime factors of s?
2, 7
Let g = 11 - -277. List the prime factors of g.
2, 3
Let g(f) = 5*f**2 - 6*f**2 - 14*f - 19 - 4*f. Suppose 0 = -98*b + 94*b - 60. What are the prime factors of g(b)?
2, 13
Suppose -4*n = -2*c - 30, 11*n - 9*n = 3*c + 25. Let u(k) = 9*k - 5 - 5 + 2. What are the prime factors of u(n)?
37
Suppose 5*t + w - 238 = 0, -248 = -t - 4*t + 4*w. Suppose -l + t = j, 2*l - j + 2*j = 96. List the prime factors of l.
2, 3
Let j = 439 - 246. Suppose 0 = 2*u + 5*b + j, 2*u + b + 200 = 3*b. Let x = -51 - u. List the prime factors of x.
2, 3
Let c(w) be the first derivative of w + 3 - 19/2*w**2. List the prime factors of c(-1).
2, 5
Suppose 2*y - 5 = 5. Suppose t = 4*k + 70, -y*t + 5*k = -212 - 213. What are the prime factors of t?
2, 3, 5
Let u be (-2)/(((-6)/(-108))/((-4)/6)). What are the prime factors of ((-15)/(-3))/(2/u)?
2, 3, 5
Let l(i) = 14*i**2 + 14*i + 9. What are the prime factors of l(-5)?
17
What are the prime factors of (-1425)/(-3) - (-1 - -3 - -1)?
2, 59
Suppose 13718 = 5*b - 4*f, 0 = f - 11 + 13. List the prime factors of b.
2, 3, 457
Suppose -2*c - 8 = 0, 0*n - 5*c - 980 = -5*n. Suppose 320 = -2*z + 7*z - 3*t, 3*z + 5*t = n. List the prime factors of z.
2
Let r = -13 - -15. Suppose r*n + 358 = 4*m, -6*m + 2*n = -m - 448. What are the prime factors of ((-52)/(-39))/(4/m)?
2, 3, 5
Suppose -23*i - 2 = -48. Suppose 0 = 5*c - 2*c - 60. Suppose -4*l + i*j = -22, -3*l - 2*j + 14 = -c. List the prime factors of l.
2
Suppose -4*b + 5*l = -164, -2*b + 56 = 6*l - 2*l. What are the prime factors of (b/(-24))/(1/(-6))?
3
Let r be (-21)/49 - 1378/(-14). Let y = r - 62. List the prime factors of y.
2, 3
What are the prime factors of -8 - 1 - (-5912)/8?
2, 5, 73
Let h(v) = 3*v + 50. Suppose -3 = -7*j - 3. List the prime factors of h(j).
2, 5
Suppose -3*k = -5*j + 735, -4*j + 2*k + 275 = -311. What are the prime factors of j?
2, 3
Let u(f) = f**3 - 8*f**2 - 7*f + 65. List the prime factors of u(10).
3, 5, 13
Suppose 0*y = -4*p + y + 250, y = 2*p - 124. Suppose 3*b = 3*v + p, 3*v + 112 - 15 = 5*b. Let r(i) = i + 10. List the prime factors of r(b).
3
Suppose v + 3*b - 99 = -2*v, -5*b = -3*v + 91. Suppose 1 = 2*n + 5*a + 5, 0 = 5*n + 2*a - v. Let x = 43 + n. List the prime factors of x.
3, 17
Suppose -7*j - 3*j = -7290. List the prime factors of j.
3
Let i = -279 + 513. List the prime factors of i.
2, 3, 13
What are the prime factors of 38/6 - 6 - 20695/(-15)?
2, 3, 5, 23
What are the prime factors of (-20586)/(-7) + 1696/112 + -15?
17, 173
Suppose 5*v = 5*p - 35, v + 3*p - 7 = 6. Let j be v/5 + (-36)/(-15). Let n(d) = 4*d**3 - 2*d**2 + 2*d - 1. List the prime factors of n(j).
3
Suppose 4*b = -32 + 13576. What are the prime factors